{"id":67,"date":"2016-06-16T18:04:42","date_gmt":"2016-06-16T18:04:42","guid":{"rendered":"http:\/\/localhost:90\/blog\/?page_id=67"},"modified":"2024-03-25T10:59:09","modified_gmt":"2024-03-25T09:59:09","slug":"la-federacion","status":"publish","type":"page","link":"https:\/\/coercan.net\/?page_id=67","title":{"rendered":"La Federaci\u00f3n"},"content":{"rendered":"\t\t<div data-elementor-type=\"wp-page\" data-elementor-id=\"67\" class=\"elementor elementor-67\">\n\t\t\t\t\t\t<section class=\" elementor-section elementor-top-section elementor-element elementor-element-3292a741 elementor-section-boxed elementor-section-height-default elementor-section-height-default smart-sticky-default\" data-id=\"3292a741\" data-element_type=\"section\">\r\n\t\t\t\t\t\t\t\t<div class=\"elementor-container elementor-column-gap-default\">\r\n\t\t\t\t\r\n\t\t\t\t\t\t\t\t<div class=\" elementor-column elementor-col-100 elementor-top-column elementor-element elementor-element-1a684312 \" data-id=\"1a684312\" data-element_type=\"column\">\r\n\r\n\t\t\t\t\r\n\t\t\t\t<div class=\"elementor-widget-wrap elementor-element-populated\">\r\n\t\t\t\t\t\t\t\t\t\t\r\n\t\t\t\t\t\t<div class=\"elementor-element elementor-element-6854428e elementor-widget elementor-widget-text-editor\" data-id=\"6854428e\" data-element_type=\"widget\" data-widget_type=\"text-editor.default\">\n\t\t\t\t<div class=\"elementor-widget-container\">\n\t\t\t\t\t\t\t\t\t<p>La Federaci\u00f3n del Comercio de Cantabria (COERCAN) nace con el objetivo de ser el \u00f3rgano de referencia del peque\u00f1o comercio en nuestra regi\u00f3n, el encargado de llevar a efecto todo tipo de actividades destinadas a lograr la consolidaci\u00f3n de la PYME en Cantabria, y alcanzar con ello un nivel de competitividad suficiente, a pesar de las dificultades que se suponen a este sector.<\/p><figure id=\"attachment_27\" aria-describedby=\"caption-attachment-27\" style=\"width: 300px\" class=\"wp-caption alignright\"><a href=\"https:\/\/coercan.net\/wp-content\/uploads\/2016\/07\/jornadas.jpg\"><img fetchpriority=\"high\" decoding=\"async\" class=\"size-medium wp-image-27\" src=\"https:\/\/coercan.net\/wp-content\/uploads\/2016\/07\/jornadas-300x200.jpg\" alt=\"Jornadas\" width=\"300\" height=\"200\" \/><\/a><figcaption id=\"caption-attachment-27\" class=\"wp-caption-text\">Jornadas del sector de automoci\u00f3n<\/figcaption><\/figure><p>Desde la constituci\u00f3n de la Federaci\u00f3n, en febrero de 2001, se est\u00e1n cubriendo, en la medida de lo posible, las necesidades planteadas por los m\u00e1s de 3000 comercios y empresas integradas en las asociaciones que componen COERCAN, integrada \u00e9sta a su vez en la Confederaci\u00f3n Espa\u00f1ola de Comercio (CEC), CEOE y CEPYME. En la actualidad, la Federaci\u00f3n del Comercio de Cantabria est\u00e1 compuesta por 36 asociaciones gremiales y locales del campo de la distribuci\u00f3n comercial y los servicios, extendidas por todos los municipios de nuestra regi\u00f3n, por lo que constituye un punto de referencia del comercio en Cantabria. Las actividades de COERCAN est\u00e1n encaminadas a mejorar las condiciones del peque\u00f1o comercio de Cantabria, para conseguir un mayor impulso del mismo y de esta forma poder competir con las grandes superficies comerciales instaladas en esta Comunidad.<\/p><p>Con las finalidades anteriormente expuestas, COERCAN pretende alcanzar una serie de objetivos a largo plazo que se est\u00e1n consiguiendo a medida que la Organizaci\u00f3n se implanta dentro del sector econ\u00f3mico de nuestra Regi\u00f3n como motor y eje fundamental del comercio c\u00e1ntabro.<\/p><p><a href=\"https:\/\/coercan.net\/wp-content\/uploads\/2022\/11\/Foro11.jpg\"><img decoding=\"async\" class=\"wp-image-3183 size-medium alignleft\" src=\"https:\/\/coercan.net\/wp-content\/uploads\/2022\/11\/Foro11-300x200.jpg\" alt=\"\" width=\"300\" height=\"200\" \/><\/a><\/p><p>Por todo ello, la Federaci\u00f3n se propone promover y coordinar las actuaciones de las distintas organizaciones y entidades miembro en temas espec\u00edficos de los empresarios, elaborando una pol\u00edtica empresarial regional espec\u00edfica en el marco de la acci\u00f3n general de las Federaciones nacionales. Igualmente, designar\u00e1, formar\u00e1 y documentar\u00e1 a los representantes empresariales en las diferentes instancias p\u00fablicas y privadas dentro de esta pol\u00edtica empresarial.<\/p><p>Por otra parte, y una vez consolidada como punto de referencia en el sector del comercio de Cantabria, COERCAN pretende promocionar la integraci\u00f3n y asociacionismo de los sectores empresariales no organizados a nivel auton\u00f3mico, como ha ocurrido con el Mercado de M\u00e9xico y los comerciantes de Noja, Astillero, o de Torrelavega, entre otros ejemplos, que ya cuentan con una asociaci\u00f3n en la cual se agrupan la mayor\u00eda de los comerciantes de los diferentes \u00e1mbitos profesionales antes mencionados, cuya integraci\u00f3n plena en la Federaci\u00f3n del Comercio de Cantabria se ha producido de forma inmediata.<\/p><p>Una vez producida la integraci\u00f3n en la Federaci\u00f3n, se pretende, y hasta la fecha se est\u00e1 consiguiendo, dotar de una cobertura adecuada de servicios a las organizaciones integradas y a los sectores que as\u00ed lo demanden, de forma complementaria a los estructurados en su seno.<\/p><figure id=\"attachment_13\" aria-describedby=\"caption-attachment-13\" style=\"width: 300px\" class=\"wp-caption alignright\"><a href=\"https:\/\/coercan.net\/wp-content\/uploads\/2016\/07\/fashion-week-IX.jpg\"><img decoding=\"async\" class=\"size-medium wp-image-13\" src=\"https:\/\/coercan.net\/wp-content\/uploads\/2016\/07\/fashion-week-IX-300x200.jpg\" alt=\"IX SIMC\" width=\"300\" height=\"200\" \/><\/a><figcaption id=\"caption-attachment-13\" class=\"wp-caption-text\">IX Edici\u00f3n de la Semana de la Moda de Cantabria<\/figcaption><\/figure><p>Todas estas acciones est\u00e1n teniendo la consiguiente repercusi\u00f3n en los medios de comunicaci\u00f3n m\u00e1s importantes de nuestra regi\u00f3n a trav\u00e9s de comunicados de prensa que la Federaci\u00f3n se encarga de emitir peri\u00f3dicamente, actuando de portavoz permanente ante los medios y defendiendo la imagen de las empresas y de la propia Federaci\u00f3n.<\/p><p>Pero si importantes son las actividades anteriormente mencionadas, no lo es menos el objetivo de erigirse en el interlocutor permanente de los comerciantes de Cantabria, ante las autoridades y representantes de la Comunidad Aut\u00f3noma, Partidos Pol\u00edticos, Centrales Sindicales, Delegaciones de la Administraci\u00f3n Central, y dem\u00e1s instituciones p\u00fablicas y privadas como hasta la fecha se est\u00e1 llevando a cabo con gran \u00e9xito, consiguiendo excelentes resultados para nuestro comercio.<\/p><p>La promoci\u00f3n de programas concretos de acciones colectivas de peque\u00f1os y medianos empresarios, directamente o a trav\u00e9s de sus organizaciones miembro, as\u00ed como la constituci\u00f3n de servicios interempresariales de car\u00e1cter permanente se encuentran tambi\u00e9n entre los objetivos que pretende alcanzar la Federaci\u00f3n.<\/p><figure id=\"attachment_26\" aria-describedby=\"caption-attachment-26\" style=\"width: 300px\" class=\"wp-caption alignleft\"><a href=\"https:\/\/coercan.net\/wp-content\/uploads\/2016\/07\/curso.jpg\"><img loading=\"lazy\" decoding=\"async\" class=\"size-medium wp-image-26\" src=\"https:\/\/coercan.net\/wp-content\/uploads\/2016\/07\/curso-300x225.jpg\" alt=\"Curso de formaci\u00f3n\" width=\"300\" height=\"225\" \/><\/a><figcaption id=\"caption-attachment-26\" class=\"wp-caption-text\">Curso de Joyer\u00eda impartido por COERCAN<\/figcaption><\/figure><p>Un objetivo en concreto ocupa un lugar preferencial en la actuaci\u00f3n de la Federaci\u00f3n del Comercio: la formaci\u00f3n de nuestros comerciantes, y la mejora en la atenci\u00f3n al cliente, objetivos que s\u00f3lo se pueden alcanzar desde la formaci\u00f3n integral y especializada tanto de los trabajadores del sector como de los propios empresarios.<\/p><p>Para finalizar esta presentaci\u00f3n de lo que es COERCAN y lo que supone en el Sector Comercio de Cantabria, es preciso se\u00f1alar que cualquier otra actividad de car\u00e1cter asistencial, social, de inter\u00e9s interprofesional general y las dem\u00e1s que sean consecuencia natural de los fines y objetivos anteriormente expuestos deben enmarcarse dentro de los objetivos que pretende realizar y conseguir la Federaci\u00f3n, con el objetivo final de fortalecer y consolidar el comercio de nuestra Regi\u00f3n, raz\u00f3n \u00faltima de la existencia de COERCAN.<\/p>\t\t\t\t\t\t\t\t<\/div>\n\t\t\t\t<\/div>\n\t\t\t\t\t\t<\/div>\r\n\t\t\t\t<\/div>\r\n\t\t\t\t\t\t\t\t<\/div>\r\n\t\t\t<\/section>\r\n\t\t\t\t\t<\/div>\n\t\t","protected":false},"excerpt":{"rendered":"<p>La Federaci\u00f3n del Comercio de Cantabria (COERCAN) nace con el objetivo de ser el \u00f3rgano de referencia del peque\u00f1o comercio en nuestra regi\u00f3n, el encargado de llevar a efecto todo tipo de actividades destinadas a lograr la consolidaci\u00f3n de la PYME en Cantabria, y alcanzar con ello un nivel de competitividad suficiente, a pesar de [&hellip;]<\/p>\n","protected":false},"author":1,"featured_media":0,"parent":0,"menu_order":0,"comment_status":"closed","ping_status":"closed","template":"","meta":{"_acf_changed":false,"_monsterinsights_skip_tracking":false,"_monsterinsights_sitenote_active":false,"_monsterinsights_sitenote_note":"","_monsterinsights_sitenote_category":0,"footnotes":""},"class_list":["post-67","page","type-page","status-publish","hentry"],"acf":[],"_links":{"self":[{"href":"https:\/\/coercan.net\/index.php?rest_route=\/wp\/v2\/pages\/67","targetHints":{"allow":["GET"]}}],"collection":[{"href":"https:\/\/coercan.net\/index.php?rest_route=\/wp\/v2\/pages"}],"about":[{"href":"https:\/\/coercan.net\/index.php?rest_route=\/wp\/v2\/types\/page"}],"author":[{"embeddable":true,"href":"https:\/\/coercan.net\/index.php?rest_route=\/wp\/v2\/users\/1"}],"replies":[{"embeddable":true,"href":"https:\/\/coercan.net\/index.php?rest_route=%2Fwp%2Fv2%2Fcomments&post=67"}],"version-history":[{"count":10,"href":"https:\/\/coercan.net\/index.php?rest_route=\/wp\/v2\/pages\/67\/revisions"}],"predecessor-version":[{"id":3576,"href":"https:\/\/coercan.net\/index.php?rest_route=\/wp\/v2\/pages\/67\/revisions\/3576"}],"wp:attachment":[{"href":"https:\/\/coercan.net\/index.php?rest_route=%2Fwp%2Fv2%2Fmedia&parent=67"}],"curies":[{"name":"wp","href":"https:\/\/api.w.org\/{rel}","templated":true}]}}

La Federación

<div data-elementor-type="wp-page" data-elementor-id="67" class="elementor elementor-67">
						<section class=" elementor-section elementor-top-section elementor-element elementor-element-3292a741 elementor-section-boxed elementor-section-height-default elementor-section-height-default smart-sticky-default" data-id="3292a741" data-element_type="section">
								<div class="elementor-container elementor-column-gap-default">
				
								<div class=" elementor-column elementor-col-100 elementor-top-column elementor-element elementor-element-1a684312 " data-id="1a684312" data-element_type="column">

				
				<div class="elementor-widget-wrap elementor-element-populated">
										
						<div class="elementor-element elementor-element-6854428e elementor-widget elementor-widget-text-editor" data-id="6854428e" data-element_type="widget" data-widget_type="text-editor.default">
				<div class="elementor-widget-container">
									<p>La Federación del Comercio de Cantabria (COERCAN) nace con el objetivo de ser el órgano de referencia del pequeño comercio en nuestra región, el encargado de llevar a efecto todo tipo de actividades destinadas a lograr la consolidación de la PYME en Cantabria, y alcanzar con ello un nivel de competitividad suficiente, a pesar de las dificultades que se suponen a este sector.</p><figure id="attachment_27" aria-describedby="caption-attachment-27" style="width: 300px" class="wp-caption alignright"><a href="https://coercan.net/wp-content/uploads/2016/07/jornadas.jpg"><img fetchpriority="high" decoding="async" class="size-medium wp-image-27" src="https://coercan.net/wp-content/uploads/2016/07/jornadas-300x200.jpg" alt="Jornadas" width="300" height="200" /></a><figcaption id="caption-attachment-27" class="wp-caption-text">Jornadas del sector de automoción</figcaption></figure><p>Desde la constitución de la Federación, en febrero de 2001, se están cubriendo, en la medida de lo posible, las necesidades planteadas por los más de 3000 comercios y empresas integradas en las asociaciones que componen COERCAN, integrada ésta a su vez en la Confederación Española de Comercio (CEC), CEOE y CEPYME. En la actualidad, la Federación del Comercio de Cantabria está compuesta por 36 asociaciones gremiales y locales del campo de la distribución comercial y los servicios, extendidas por todos los municipios de nuestra región, por lo que constituye un punto de referencia del comercio en Cantabria. Las actividades de COERCAN están encaminadas a mejorar las condiciones del pequeño comercio de Cantabria, para conseguir un mayor impulso del mismo y de esta forma poder competir con las grandes superficies comerciales instaladas en esta Comunidad.</p><p>Con las finalidades anteriormente expuestas, COERCAN pretende alcanzar una serie de objetivos a largo plazo que se están consiguiendo a medida que la Organización se implanta dentro del sector económico de nuestra Región como motor y eje fundamental del comercio cántabro.</p><p><a href="https://coercan.net/wp-content/uploads/2022/11/Foro11.jpg"><img decoding="async" class="wp-image-3183 size-medium alignleft" src="https://coercan.net/wp-content/uploads/2022/11/Foro11-300x200.jpg" alt="" width="300" height="200" /></a></p><p>Por todo ello, la Federación se propone promover y coordinar las actuaciones de las distintas organizaciones y entidades miembro en temas específicos de los empresarios, elaborando una política empresarial regional específica en el marco de la acción general de las Federaciones nacionales. Igualmente, designará, formará y documentará a los representantes empresariales en las diferentes instancias públicas y privadas dentro de esta política empresarial.</p><p>Por otra parte, y una vez consolidada como punto de referencia en el sector del comercio de Cantabria, COERCAN pretende promocionar la integración y asociacionismo de los sectores empresariales no organizados a nivel autonómico, como ha ocurrido con el Mercado de México y los comerciantes de Noja, Astillero, o de Torrelavega, entre otros ejemplos, que ya cuentan con una asociación en la cual se agrupan la mayoría de los comerciantes de los diferentes ámbitos profesionales antes mencionados, cuya integración plena en la Federación del Comercio de Cantabria se ha producido de forma inmediata.</p><p>Una vez producida la integración en la Federación, se pretende, y hasta la fecha se está consiguiendo, dotar de una cobertura adecuada de servicios a las organizaciones integradas y a los sectores que así lo demanden, de forma complementaria a los estructurados en su seno.</p><figure id="attachment_13" aria-describedby="caption-attachment-13" style="width: 300px" class="wp-caption alignright"><a href="https://coercan.net/wp-content/uploads/2016/07/fashion-week-IX.jpg"><img decoding="async" class="size-medium wp-image-13" src="https://coercan.net/wp-content/uploads/2016/07/fashion-week-IX-300x200.jpg" alt="IX SIMC" width="300" height="200" /></a><figcaption id="caption-attachment-13" class="wp-caption-text">IX Edición de la Semana de la Moda de Cantabria</figcaption></figure><p>Todas estas acciones están teniendo la consiguiente repercusión en los medios de comunicación más importantes de nuestra región a través de comunicados de prensa que la Federación se encarga de emitir periódicamente, actuando de portavoz permanente ante los medios y defendiendo la imagen de las empresas y de la propia Federación.</p><p>Pero si importantes son las actividades anteriormente mencionadas, no lo es menos el objetivo de erigirse en el interlocutor permanente de los comerciantes de Cantabria, ante las autoridades y representantes de la Comunidad Autónoma, Partidos Políticos, Centrales Sindicales, Delegaciones de la Administración Central, y demás instituciones públicas y privadas como hasta la fecha se está llevando a cabo con gran éxito, consiguiendo excelentes resultados para nuestro comercio.</p><p>La promoción de programas concretos de acciones colectivas de pequeños y medianos empresarios, directamente o a través de sus organizaciones miembro, así como la constitución de servicios interempresariales de carácter permanente se encuentran también entre los objetivos que pretende alcanzar la Federación.</p><figure id="attachment_26" aria-describedby="caption-attachment-26" style="width: 300px" class="wp-caption alignleft"><a href="https://coercan.net/wp-content/uploads/2016/07/curso.jpg"><img loading="lazy" decoding="async" class="size-medium wp-image-26" src="https://coercan.net/wp-content/uploads/2016/07/curso-300x225.jpg" alt="Curso de formación" width="300" height="225" /></a><figcaption id="caption-attachment-26" class="wp-caption-text">Curso de Joyería impartido por COERCAN</figcaption></figure><p>Un objetivo en concreto ocupa un lugar preferencial en la actuación de la Federación del Comercio: la formación de nuestros comerciantes, y la mejora en la atención al cliente, objetivos que sólo se pueden alcanzar desde la formación integral y especializada tanto de los trabajadores del sector como de los propios empresarios.</p><p>Para finalizar esta presentación de lo que es COERCAN y lo que supone en el Sector Comercio de Cantabria, es preciso señalar que cualquier otra actividad de carácter asistencial, social, de interés interprofesional general y las demás que sean consecuencia natural de los fines y objetivos anteriormente expuestos deben enmarcarse dentro de los objetivos que pretende realizar y conseguir la Federación, con el objetivo final de fortalecer y consolidar el comercio de nuestra Región, razón última de la existencia de COERCAN.</p>								</div>
				</div>
						</div>
				</div>
								</div>
			</section>
					</div>

<p>La Federación del Comercio de Cantabria (COERCAN) nace con el objetivo de ser el órgano de referencia del pequeño comercio en nuestra región, el encargado de llevar a efecto todo tipo de actividades destinadas a lograr la consolidación de la PYME en Cantabria, y alcanzar con ello un nivel de competitividad suficiente, a pesar de [&hellip;]</p>
